e of (-66 - 1) + -3 + -1777 + 1787?
-60
-13 - ((1205 - 1224) + (-2 - (3 - 9)))
2
Calculate -16 + (-3 - -16 - 52) + 22.
-33
What is the value of -48 + (-3 + 5 - 8 - (-41 + (60 - 16)))?
-57
Evaluate -3 + 17 + (-15 + 41 - 83).
-43
Evaluate 57 + 4 + (292 - 296) + -6 + -2.
49
Calculate -31 + 89 + -20 + (-2 - 6).
30
What is (16 - 47) + 42 + (25 - 46)?
-10
Calculate -2 + 49 + 1 - (50 + -32 + -5).
35
Calculate (-116 - 34) + 97 + -18.
-71
Calculate (205 - 155) + -6 + -4.
40
Evaluate -12 - ((-1 - -65) + -31 + 29) - (37 + -24).
-87
-14 + (16 + 1 - (-245 + 339))
-91
Evaluate ((12 - 4) + 51 - -5) + 11 + 2.
77
What is 4 + (0 + (9 + 12 - -8) - (1 - -1))?
31
(-83 - 29) + (46 - -116)
50
Evaluate 98 + (-126 - -76) - 80.
-32
50 + 3 - (20 - (10 + -7))
36
Calculate -229 + 172 - (-1 - 35).
-21
What is -28 + -26 + 44 + 22 + (10 - 3)?
19
Evaluate (84 - 3) + (33 + (-13 - -1) - 17).
85
Calculate (7 - 18) + -42 + 14 + 15 + -96.
-120
-51 + (12 + 60 - 22)
-1
What is 1 + -19 + -66 + (-3 - -32)?
-55
-5 + 0 + (33 - 2) + 129 + -143
12
What is 7 + 148 + -50 - 60?
45
Evaluate (-4 + 17 - (40 - 35)) + -9 - -9.
8
Evaluate (-13 - -13 - -18) + -78 - (-8 - (3 + -6)).
-55
(31 - 6) + -11 + -17 + -54
-57
(1 - -5 - (1032 - 968)) + 5
-53
Calculate (310 - 390) + 62 + -5.
-23
(1031 - 1063) + (-2 - -9)
-25
Calculate (22 - (19 + -39 + 28)) + 10.
24
What is (200 - 161) + (12 + -20 - 138)?
-107
What is -22091 + 21994 - (0 + 8)?
-105
Calculate -37 + 38 + (9 - -1) + -3 + 19 + -46.
-19
Calculate -98 + -18 + 250 + -71.
63
(5 - 0) + -17 - (-61 + (-14 - -87))
-24
Calculate 15 + 5 + -10 + (-52 + 15 - -11).
-16
What is 12 - 3 - (17 + -46 + 0 - 14)?
52
8 - (93 + 30 + -78)
-37
What is the value of -1 + 83 + 6641 + -6675?
48
What is the value of (-4 + 5 - -4 - -3) + (-167 - -119)?
-40
What is the value of -22 - ((1641 - 1624) + (1 - 107))?
67
Calculate -7 - ((-25 - 1) + (13 - (0 - 0))).
6
Evaluate 540 - 597 - (-3 - -5).
-59
Evaluate (-83 - 1) + -3 - -2 - (-131 + (65 - -56)).
-75
Calculate -141 + 78 - -43 - 23.
-43
-118 + (199 - 104) - (-32 - 4)
13
Evaluate (9 - 1) + -24 + 16 + -23 + -15.
-38
What is the value of -4 - 3 - (-6 + 32 - 26)?
-7
What is the value of 12 + 32 + -18 + (-11 - -3)?
18
Calculate -94 - (-82 - 42) - (-26 - 1).
57
What is 2 + -11 - (-1 + -10 + (25 - 24))?
1
Calculate -9 + -2 + (-5 - -14) - (-12 - -16).
-6
Calculate 30 - (7 - (13 - (-14 - -19)) - -10).
21
Calculate (11 - 2) + 14 + -13 + (35 - 22).
23
Calculate 20 - (0 + -21 - (-46 - 19)).
-24
Calculate -163 + (205 - (106 - 2)).
-62
Calculate -44 + (-20 - -67) + -22 + 48.
29
-20 + (12 - ((-2 - 16) + -12 + 23)) + -9
-10
Evaluate (-2 - 50) + (19 - (-122 + 109)).
-20
Calculate 2 - ((16 - 15 - -12) + 24 + 0).
-35
What is the value of 5 - ((4 - -2) + -8 + (23 - -1))?
-17
Calculate 36 - (-33 + -23 + 36).
56
Evaluate (-211 - -163) + -11 + 94.
35
Evaluate -21 + 29 - ((4 + 7 - 23) + 41).
-21
Evaluate 12 + (15 - 29) + -10 + 14 - 67.
-65
(5 - (4 - -7)) + 24 - (345 - 300)
-27
(-12 + (-21 - (-35 - -17)) - -23) + -52
-44
-11 - (-16 - (59 - 151))
-87
Calculate 0 + (-15 - ((7 - -30) + -72)).
20
What is the value of (64 - 61) + (26 + -5 - -4)?
28
Evaluate -5 - -1 - (3 + (8 - 8)) - (-1022 + 1060).
-45
49 + 8 - 13 - 7
37
Calculate (55 - (13 + 0)) + 12 + (13 - 20).
47
Evaluate -4 + (4 - (-2 + (354 - 363) + (-2 - 1))).
14
66 + 37 + 50 + -24 + -53
76
What is -1 + -2 + 2 + 7 + 75 + -45?
36
What is the value of -17 + (19 + 24 + -35 - (-79 + 1))?
69
Calculate 11 - (-39 + 39 - (27 + -6)).
32
What is 6 + 40 + (170 + -155 - (0 - -1)) - 2?
58
What is the value of 1 + 5 + (-15 - 12 - 2) + -13 + 13?
-23
Calculate -58 + (-4 - (-23 + 19)) + (-12 - -1).
-69
-6 + (15 + -4 - 26 - 27)
-48
Evaluate -66 + 84 + -95 + 4 + -2 - -2.
-73
31 - (-2 - (70 - (6 + 14)))
83
Evaluate 11 + 9 + 21 + (-8 - 0).
33
What is the value of (-1 - -5 - (5 + 24 - 32)) + (37 - 1)?
43
What is (-61 - (-14 + -44) - 105) + (-1 - 4)?
-113
Calculate -1 + 98 + -22 + 33 + -26.
82
Calculate (-519 - -535) + (-47 - -1).
-30
What is 0 - -2 - 19 - (-138 + 128) - (11 + 13)?
-31
What is -250 + 367 - (1 + 44)?
72
Calculate 21 + 40 + -54 - (-1 - 0) - 20 - 9.
-21
What is 41 - (344 + -315 - (13 - 0))?
25
Calculate 21 - 2 - (-19 + -24 + 93).
-31
Calculate 0 + -4 - (226 - 255).
25
What is the value of 23 - ((3 - -41 - 5) + -19)?
3
What is the value of 5 - (-6 + 3) - (3 + -2 + -50 - 2)?
59
(-19 - (-3 + 2)) + -67 + 64 - (-15 + 26)
-32
What is -3 - (9 + (11 - (-9 + 17))) - 116 - -7?
-124
Calculate -175 + 143 + 61 + 2 + -46.
-15
Calculate 47 - 33 - (2 + -5) - 4.
13
Calculate -40 + (-107 - -103 - -58).
14
What is (-32 - (-17 + 12)) + 16 + -3 + 2 + 54?
42
Calculate 7 + (-17 - 16 - (-7 + 7 - 0)).
-26
Evaluate 115 + -6 + 310 + -311 + (6 - 2 - 0).
112
What is the value of -614 + 602 + 0 + -27?
-39
What is the value of 22 + -13 + 21 + (15 - 15 - (1 - 0))?
29
Calculate -715 + 616 - (-3 + -61).
-35
What is 9 - (-11 + 17) - (7 - (16 - 16))?
-4
Evaluate -31 - (-21 + -1 - -49).
-58
40 - (3 - ((-12 - -14) + 8 + (-14 - -8)))
41
Calculate (-43 - -59) + -17 + 42.
41
-17 - (-14 - -17) - -26 - -19
25
What is (-1 - -156) + (343 - 442)?
56
What is the value of (15 + -20 - -3) + -21 - -12?
-11
What is the value of 7 + (-24 - (16 - 32)) + 19?
18
Calculate 26 + -11 + -17 + 2 + -9.
-9
What is (399 - 431) + 2 + -8?
-38
What is 1 + (22 - 35) - (-2 - 1 - 1)?
-8
What is 138 + (-8 - (-8 + -2 - ((-1 - 2) + -1)))?
136
Calculate -37 - (-29 + 55 + (-128 - -23)).
42
What is the value of (6 + 5 + -42 - ((-5 - 0) + 0)) + 1?
-25
What is the value of -17 + (55 - 0) + 247 + -269?
16
What is 84 + (41 + -63 - -17) - -28?
107
Calculate (-5 - -106) + -26 - 138.
-63
What is the value of 40 + (-8 - 6 - 48 - -12)?
-10
What is (11 - -42) + 43 + -33?
63
Calculate -49 + 187 + -29 - 116.
-7
What is the value of 824 + -856 + (0 - -42)?
10
What is 0 + (-33 + -56 - ((13 - 22) + (0 - -4)))?
-84
0 + -7 - -1 - (-76 - (6 - 147))
-71
What is the value of -38 + 41 + (-28 - -10) - (7 - 2)?
-20
(-60 - -49) + (17 - -2) + (-39 - -127)
96
What is the value of (11 - ((-259 - -268) + -8 + -1)) + -3?
8
Calculate -33 + 7 + 49 - 22.
1
15 + (65 + -49 - (6 + -6))
31
What is the value of (-65 + 95 + -2 + -11 - 25) + 10?
2
Evaluate (-12 + 13 - (90 + 1)) + 35 + (-11 - 31).
-97
(0 - -10) + -4 + 72 + (-61 - -61) + -17
61
Calculate 73 + (-10 + (-7 - -10) + 0 - (-5 + 7)).
64
Evaluate 187 - 86 - (184 + -1).
-82
(-243 - -233) + (60 - 5)
45
-11 + 90 + 7 + (0 - (4 + 3)) - 9
70
What is the value of 10 - 5 - 5 - (4 + 2) - -33?
27
What is the value of -48 - (25 + 12 - -21)?
-106
2131 + -2120 + (5 - 2 - 17)
-3
83 + -9 + -18 - 16
40
What is (-10 - (-31 - -21)) + (-1 - 3) + 25?
21
Calculate (2 - (1 - -2) - 7) + (-22 - (-185 + 104)).
51
What is (106 - 44) + (-16 - 10)?
36
What is the value of -28 + 47 - (-16 + (-10 - -9) + -61)?
97
(-4 - (2 - 7)) + -35 + -37 + 39
-32
What is the value of (6 - 2 - 2) + (-140 - -43 - 4)?
-99
Evaluate -19 + 24 + -27 + (69 - 30).
17
Calculate 6 + 55 + -9 + -11 + (12 + 1 - 16).
38
Evaluate (0 - 42 - 2) + -11 + 10 - (-128 + 119).
-36
-41 + (21 - (-18 + 30))
-32
What is the value of (-3 - -3) + 11 - ((9 - -10 - 10) + -15)?
17
What is the value of -51 - 21 - (88 + -155)?
-5
What is 10 - (-1 - 14 - (-45 - -14 - -17))?
11
Calculate -365 - -364 - (-2 + (4 + -1 - -4)).
-6
What is the value of 94 - ((-1 - -9) + (21 - (-10 - -15 - -15)))?
85
What is 2 + -71 + (-2 - 1) + 27 + -55 + 37?
-63
Calculate (-1 - (-2 - -3 - -3)) + 57.
52
What is the value of (207 - 123 - (8 + 8)) + -23?
45
Calculate -9 + -3 - (6 + -51) - (-11 + 8 - 6).
42
Calculate (-1045 - -990) + ((-2 - 0) + 1 - -5) - -11.
-40
What is the value of 5 + -5 + 9 + (4 - -39) + (-2 - 6)?
44
What is the value of 158 - (-63 - -154) - 166?
-99
What is -19 + (-24 - (4 + -16)) + 73 - -5?
47
What is the value of -59 + (101 - 43) - (-3 - (-3 + 2))?
1
What is -66 - (-52 - 98) - 21?
63
What is the value of 202 + -123 - ((12 - 0) + (9 - 5)) - 0?
63
What is the value of -3 + (4 - -3) - (-8 + 1 + (65 - 50))?
-4
What is the value of 17 + 15 + (-39 - 3) - 41?
-51
Evaluate 98 + 4 + (-2937 - -2723).
-112
Evaluate 2 - 93 - (27 - (-37 + 18 + 9 + 29)).
-99
What is the value of (2 - 14) + -41 + (-65 - -78)?
-40
Calculate (-3464 - -3593) + (0 - 52).
77
Evaluate -42 + (20 - -26 - 48).
-44
Calculate (-68 + 18 - -32) + (20 - -3).
5
Evaluate 13 + -5 + 3 + (-